t w be a(12). Suppose -w*i + 239 = -391. Calculate the greatest common factor of 14 and i.
14
Suppose -3*s + 426 = -540. Let p = -65 + 111. What is the greatest common factor of s and p?
46
Suppose 0 = -2*t, 4*t = 3*v + 23 + 7. Let n be -32*(-7)/((-35)/v). What is the greatest common factor of n and 16?
16
Let h(i) = 775*i. Let l be h(1). Suppose l = -2*o - 3*o. Let d = -70 - o. Calculate the greatest common factor of 34 and d.
17
Let j(g) = 160*g + 156*g - 477*g + 157*g. Let i be (2 - 2) + -3 + 0. Let a be j(i). What is the greatest common factor of 132 and a?
12
Let m = -719 + 807. Let a be 33/2*(1 - -3). Calculate the highest common divisor of a and m.
22
Let j be (67 - 40) + (28/5 - (-18)/(-30)). Let m = 192 - 128. What is the greatest common factor of j and m?
32
Let z(j) = 3*j - 4. Let c be z(4). Suppose -24 = 2*u - c*u. What is the highest common factor of u and 16?
4
Let q(v) = 22*v**2 + 6*v + 8. Let p be q(-4). What is the highest common divisor of 36 and p?
12
Suppose -4*i + 18 = q + 4*q, -q + 2 = 0. Suppose 121 = -i*v + 3*v. Calculate the greatest common factor of v and 11.
11
Let n(d) = 3*d + 68. Let t be n(-20). Calculate the highest common divisor of t and 1.
1
Let t = 10 + -4. Let z be (-1)/(119/(-56) - -2). Suppose -z = -q - g, t*q = 3*q - 5*g + 34. Calculate the greatest common factor of 24 and q.
3
Suppose 2*s - 94 = -4*h, 7*h + 235 = 5*s + 3*h. Calculate the greatest common divisor of s and 799.
47
Let n(m) = -4*m - 2*m - 7 + 3*m. Let h(f) = -3*f + 23. Let j be h(9). Let a be n(j). What is the greatest common divisor of a and 20?
5
Let w be 1/(-1) - (-73 - -2). Let c be 1 + 1*w - 1. Let k = 110 - c. Calculate the greatest common factor of k and 5.
5
Let l be 8/(-52) - 1835/(-13). Suppose -4*q - 5*p = -0*q - 275, 2*q = p + l. Suppose 0 = 3*u - 5 - 79. Calculate the highest common divisor of u and q.
14
Suppose -3*b + 3*i + 39 = -2*b, 5*b - 229 = -2*i. Let k be 18/4 + 1/2. Calculate the greatest common divisor of b and k.
5
Suppose 83*q - 78*q - 3225 = 0. What is the highest common divisor of q and 15?
15
Suppose 56*x = 38*x + 26460. Calculate the greatest common divisor of x and 90.
30
Let h be 4 + (-4)/20 + 86/5. Calculate the highest common divisor of h and 777.
21
Let z be ((-2)/(-3))/((-8)/(-1356)). Let v = 159 - z. Calculate the highest common divisor of 115 and v.
23
Let t be (-1 - 14/(-10)) + (-1552)/(-20). Calculate the greatest common factor of 676 and t.
26
Suppose 3*y = 2*y + 30. Let t be (-5 - -2 - -1)*-6. What is the highest common factor of y and t?
6
Let n(c) = 3*c**3 - c**2 - c + 2. Let x be n(0). What is the greatest common divisor of x and 86?
2
Let i be (-174)/(-8) + (-3 - 91/(-28)). What is the highest common factor of 22 and i?
22
Suppose -840 = 13*t - 18*t. Calculate the greatest common divisor of 36 and t.
12
Suppose 5*y = -2 + 22, 0 = 2*w + 5*y - 360. What is the greatest common factor of 15 and w?
5
Suppose -b + 115 = 4*l, 2*b - 88 = -5*l + 52. Suppose 9*s - 5*p = 4*s + 55, -3*s = 3*p - 57. Calculate the highest common divisor of l and s.
15
Suppose 6*a = 10*a + 160. Let i = a - -63. Calculate the greatest common divisor of i and 207.
23
Let o(n) = n**2 - n + 9. Let r be o(8). Suppose -21*m + 2*m = -247. Calculate the greatest common divisor of m and r.
13
Suppose 2*r = 3*o - 160, 5*o - 235 = -3*r - 0*r. Let g be -4 + (-92 - (-4)/4). Let f = g - -105. What is the greatest common factor of o and f?
10
Let g(l) = 2*l**3 - 6*l**2 - 14*l + 2. Let w be g(7). Calculate the highest common factor of w and 16.
8
Suppose 9*f - 4*f = -70. Let n = -237 - -20. Let x be n/f - (-2)/(-4). What is the greatest common divisor of x and 60?
15
Suppose 4*x - 3*w + 65 = 0, -47 = 5*x + 4*w + 42. Suppose 12 = i - 15. Let j = i + x. Calculate the greatest common factor of 10 and j.
10
Let d(z) = -z**2 - 17*z - 47. Let h be d(-12). Calculate the highest common factor of h and 611.
13
Suppose 0 = 5*x + 15, -2*o + 3*x = 2*o - 57. Let p be 5*4*(-12)/(-80). Suppose -p*y = -8*y + 90. Calculate the greatest common divisor of y and o.
6
Let j = -129 - -379. Let d = j + -45. What is the greatest common factor of 41 and d?
41
Let r = -48 + 48. Let l = 14 - -536. Suppose -l = -r*c - 5*c. What is the greatest common divisor of c and 11?
11
Let d(p) = -p**3 + 25*p**2 + 4*p - 16. Let m be d(25). Calculate the highest common factor of m and 28.
28
Let a = 16 - 0. Suppose 214 = 8*n - 106. Suppose -2*s + n = a. What is the highest common factor of s and 30?
6
Suppose -y = -2*i - 17, -7*i = -2*i + y + 25. Let k be i*90/(-4) + (22 - 22). Calculate the highest common divisor of k and 15.
15
Suppose x - 9*x = -1200. What is the highest common factor of x and 70?
10
Let c(p) = -15*p - 6. Let m = -29 - -28. Let d be c(m). Let w(i) = 4*i**2. Let g be w(3). Calculate the highest common factor of d and g.
9
Let b be ((-10)/(-60)*-8)/(3/(-711)). Calculate the highest common factor of b and 4.
4
Suppose 15*z + 6*z - 126 = 0. Calculate the greatest common divisor of z and 24.
6
Suppose 0 = 4*b + 3*b - 301. Suppose -2*s + x = -33, -2*x - b = -2*s + x. Calculate the highest common divisor of 14 and s.
14
Suppose 9*z - 1287 = -4*z. Calculate the greatest common factor of z and 44.
11
Suppose -o + 2*o - 2 = 0. Let l(m) = 10*m + 4. Let q be l(o). Calculate the greatest common factor of q and 264.
24
Let i = -8 - -26. Let m = -3 + 5. Suppose m*b = -4*q + 782, -4*b = 13 + 7. What is the greatest common divisor of i and q?
18
Suppose 3*c - 1264 - 311 = 0. Suppose -487 - c = -4*l. What is the highest common factor of l and 23?
23
Let y be (-115 - -121) + (-274)/2*-1. Calculate the highest common divisor of 65 and y.
13
Let j(s) = s**2 - 5*s - 6. Let g be j(6). Suppose 8*d + g*d - 160 = 0. Calculate the greatest common divisor of 40 and d.
20
Let o be 2/(-11) - 9105/(-165). Suppose 4*j = o - 15. What is the greatest common divisor of j and 80?
10
Suppose -15*t - 534 = -1884. Let k = 109 - t. Calculate the greatest common factor of 57 and k.
19
Let b(p) = -p**2 + 16*p - 10. Let o be b(15). Suppose 0 = -5*i + 38 + 12. Calculate the highest common factor of o and i.
5
Let o be (-12 - (-189)/18)/(1/(-34)). What is the greatest common divisor of 85 and o?
17
Let z(m) = m**2 + 4*m - 41. Let x be z(7). Let h be (-2)/(-6) + (1460/12 - -4). What is the highest common factor of x and h?
18
Let d = -12 + 24. Let q(z) = -d + 2*z**2 + 3*z**2 + 4*z - 4*z**2 + 6*z. Let t be q(-12). Calculate the highest common divisor of 30 and t.
6
Suppose -l = -589 + 564. What is the highest common divisor of 65 and l?
5
Let v = -244 - -317. Calculate the greatest common factor of 803 and v.
73
Suppose -2*a = -15*a + 12480. What is the greatest common divisor of a and 60?
60
Suppose -7*y + 31 = 3. Calculate the highest common factor of 100 and y.
4
Let n(w) = -6*w + 55. Let k be n(9). Let o be 3 - 1 - (-14)/k. Let t = -203 - -379. What is the highest common factor of o and t?
16
Let z(k) = k - 1. Let y be z(4). Suppose -8*a + 9*a = 2. Calculate the highest common divisor of a and y.
1
Let l = 146 + -56. Let p = -21 + l. Let b(h) = -h**2 - 25*h - 43. Let u be b(-22). What is the highest common factor of p and u?
23
Let y(u) = u**3 + 3*u**2 + 2*u + 5. Let n be y(3). Let l = 22 + 4. Calculate the highest common divisor of l and n.
13
Let y be (-2)/24*-2 + (-1679)/138. Let f = -4 - y. What is the greatest common factor of f and 20?
4
Suppose 12*j - 176 = 11*j. Let r be j/55*(-55)/(-2). Suppose 2*f - 108 = r. What is the highest common factor of 14 and f?
14
Suppose f = 1 + 13. Let d(a) = -46*a + 6. Let x be d(-2). What is the greatest common divisor of x and f?
14
Suppose 0*j + 63*j = 13923. Calculate the greatest common factor of 117 and j.
13
Let t = -1740 - -2405. Calculate the greatest common factor of 57 and t.
19
Let j(k) = -k**2 - 15. Let v be j(-7). Let o = v - -94. Suppose -274 = -2*w - 34. Calculate the greatest common factor of w and o.
30
Let g be (-5)/(-15) - 55/3. Let k = g - -82. What is the highest common factor of 16 and k?
16
Suppose 0 = 3*g - 0*g. Suppose 0*a + 4*a - 8 = 0, 2*i + 4*a - 40 = g. What is the greatest common factor of 48 and i?
16
Suppose 4*d = b + 141, 0 = -3*b - b - 4. What is the greatest common factor of d and 70?
35
Let z(w) = 5*w + 2. Let a be z(-2). Let 